 p**2 - 2*p + p - 4 + 2 - p**3. Let x be t(-2). Suppose 0*n = n - x. What is the greatest common factor of 36 and n?
4
Suppose 5*s - 12 = -2*i, -4*s + i + 32 = -3*i. Let u(k) = 3*k. Let a be u(9). Let w be (12/(-10))/(a/(-360)). Calculate the highest common divisor of s and w.
4
Let q be -1*2*2/(-1). Suppose 2*n - 2*a + 5*a = 18, -5*a + 28 = 3*n. What is the greatest common factor of q and n?
2
Let n be 4/3*(7 + -1). Suppose -2*u + 3*u - n = 0. What is the highest common factor of 16 and u?
8
Let p(j) = 5*j - 4*j + 0 + j**2 + 3*j**3 + 1. Let s be p(-1). Let m be -2*(60/s - 0). What is the highest common factor of 15 and m?
15
Let m = 3 - 1. Suppose -5*c + 0 + 15 = 4*w, -5*w - c + 3 = 0. Let h be w + m + (-124)/(-1). What is the greatest common divisor of h and 14?
14
Suppose n + g = 109, 8 + 12 = 4*g. What is the highest common factor of n and 13?
13
Let v be 22 + (-6)/(-5 + 3). Calculate the highest common divisor of 15 and v.
5
Let d = 423 + -216. Suppose -3*j - 10 = 2*j, 21 = 5*t + 2*j. Suppose -3*l - 3*y + 0*y = -d, t*l = 3*y + 305. Calculate the greatest common divisor of l and 8.
8
Let q = 172 - 81. Let c = q - 58. What is the greatest common divisor of 3 and c?
3
Let u be -1*(0 + 1)*-19. Calculate the greatest common factor of 76 and u.
19
Suppose -5*d = -2*p + 64, 3*d - d + 34 = 5*p. Let u = -1 - d. Calculate the greatest common factor of u and 33.
11
Let n = -3 + 10. Suppose 10 = -n*l + 2*l. Let s be 36*1*l/(-4). Calculate the highest common factor of s and 18.
18
Let g be ((-2)/4)/(4/(-24)). Suppose -g*z - 2*z + 50 = 0. What is the greatest common factor of z and 40?
10
Let r = 2 - -3. Suppose -23 = -4*h + r. Calculate the highest common factor of h and 77.
7
Let h(x) = x**2 + 11*x - 6. Let c(g) = -3*g + 6. Let f be c(6). Let q be h(f). Calculate the greatest common factor of q and 12.
6
Let b be (-22)/(1 - (-6)/(-3)). What is the greatest common factor of 55 and b?
11
Suppose 0 = 4*b - 0*b - 72. Let c = -8 + 14. Calculate the highest common divisor of c and b.
6
Let q(w) = -w**2 + 2*w + 18. Let z be q(0). What is the greatest common factor of z and 12?
6
Let m(r) = 2*r - 17. Let h be m(9). Suppose -5*q = 5*o - 2*o - 70, 4*o = -3*q + 53. Calculate the highest common factor of h and q.
1
Let k be (4 - 2) + (-1 - -1). Let i(g) = g + 3*g - 2 - k*g. Let f be i(3). What is the greatest common divisor of f and 1?
1
Let f(u) be the first derivative of u**4/4 - 2*u**3/3 + u**2/2 - 3*u - 10. Let o be f(3). What is the highest common factor of o and 6?
3
Let i be (-40)/(1/(-10)*2). Let x be 4 + (-4 + 2 - -18). Calculate the highest common factor of x and i.
20
Suppose -2*u + 43 = -5. Suppose -5*f - 34 = -154. Suppose 0*v + f = 3*v. Calculate the greatest common divisor of v and u.
8
Let n = 116 - -8. Suppose 0 = -3*g - 3*d + 96, -3*g + 4*d + n = 2*g. Calculate the highest common factor of 42 and g.
14
Let a(c) = -16*c - 8. Let o be a(-6). What is the highest common factor of 8 and o?
8
Let b = 10 + 4. Let j(d) = d**3 - 4*d**2 + 3. Let u be j(4). Suppose -4*f + 5*h = -28, 3*h - 28 = -u*f - 7. What is the highest common factor of f and b?
7
Let m be (-26)/(-8) - (-1)/(-4). What is the highest common factor of m and 6?
3
Let p(q) = 5*q - q**3 - 14*q - 1 + 16*q + 8*q**2. Suppose -y + 40 = 4*y. Let c be p(y). What is the greatest common factor of 11 and c?
11
Let f(y) = -y**3 + 8*y**2 + 10*y + 10. Let d be f(9). Let k = -25 + 44. Calculate the greatest common divisor of k and d.
19
Let u be (12/5)/(6/75). What is the greatest common factor of u and 75?
15
Suppose 3*j + 2*j = 440. Let m(q) = -q - 6. Let h be m(-6). Let y(s) = -s**2 + s + 11. Let w be y(h). What is the greatest common divisor of j and w?
11
Let d(x) = 6*x**2 + x**2 + 3*x - 3 + x**2. Let o be d(2). Let p = 18 - 11. What is the greatest common factor of p and o?
7
Let r(i) = -i**2 - 9*i + 16. Let g be r(-10). Suppose 2*k + 5*o = 76, -2*k + 5*o + 68 = -k. Calculate the highest common factor of k and g.
6
Let s be (-192)/(-14) + 2/7. Let o(d) = d + 28. Let z be o(0). Suppose -6*r = -2*r - z. What is the highest common divisor of r and s?
7
Suppose -145 = -3*o + 191. Suppose 0 = -4*s + 2*s - 5*g + 18, 2*g = -4. Calculate the greatest common divisor of s and o.
14
Suppose -3*z + 0*z + 4*m = -54, 0 = 3*z - 2*m - 54. What is the highest common factor of z and 198?
18
Suppose 8 = -k + 5*k. Suppose 3*q = -22 - 20. Let j be (q/42)/(2/(-132)). Calculate the greatest common factor of j and k.
2
Suppose 199 = 2*j + c, -j + 4*j - 300 = -3*c. What is the highest common divisor of j and 11?
11
Suppose 0 = 4*d + 5*i - 335, -100 = -3*d + 2*i + 157. What is the greatest common divisor of d and 34?
17
Suppose 0 = -2*z + 7*z - 10. Let y be z/10 - 74/(-5). Calculate the greatest common divisor of y and 75.
15
Suppose 20 = 5*w - 15. Let o be (w - 1)/((-6)/(-4)). Suppose -o = -2*n + 12. Calculate the greatest common divisor of 8 and n.
8
Suppose 3*g = -3*g + 450. Let b be -1 + 0 - (-8)/2. Suppose -b*v - 124 = -3*y - 7*v, 5*v + g = 2*y. What is the greatest common factor of 5 and y?
5
Suppose -2*j - 2*j = -52. Let v = j + -1. What is the greatest common factor of v and 24?
12
Suppose -2*c = 3*q - 7*q + 64, -4*q = c - 76. What is the greatest common factor of q and 126?
18
Let p = 7 + -2. Suppose -3*k = -p*k + 66. Suppose 0*w + 2*w - k = -3*t, -4*t + 48 = 4*w. What is the highest common factor of t and 9?
9
Let y = 140 - 76. Calculate the highest common divisor of 8 and y.
8
Let c(m) be the second derivative of m**3/3 + 5*m**2 - 4*m. Let z be c(7). What is the highest common factor of z and 60?
12
Let r be 2/((2/(-6))/1). Let k be (12/(-14))/(r/420). What is the greatest common divisor of k and 40?
20
Let q = 4 + -3. Calculate the highest common divisor of 1 and q.
1
Suppose 3*m = -4*s + 18, 4*s - 2*s - 16 = -5*m. Let j = m + 2. Calculate the greatest common divisor of 10 and j.
2
Let f be 2/10 + (-81)/(-45). Calculate the highest common factor of 54 and f.
2
Suppose -79 = -3*d + 65. Let t(b) = 4*b + 4. Let k be t(5). What is the greatest common divisor of d and k?
24
Suppose -2*d + 110 = 3*d. Let q = -60 - -117. Suppose o - 31 = q. Calculate the highest common divisor of d and o.
22
Let a(r) = r + 4. Let d be a(-8). Let m be 6/d + (-236)/(-8). Calculate the highest common factor of m and 14.
14
Let a be 10/5 + 0/(-2). Let v be 18*((-16)/(-3) - a). What is the greatest common divisor of v and 12?
12
Let p(c) = 3*c**2 - 3*c + 2. Let g be p(1). Suppose g*s = 269 - 13. Calculate the highest common factor of 16 and s.
16
Let q = -1 + 5. Let d be (-115)/(-10) - 6/q. Let j(r) = -r**3 - 5*r**2 - 2*r - 5. Let c be j(-5). Calculate the highest common factor of d and c.
5
Suppose -1 = -p + 2*m - 3, -2*p = -m + 1. Suppose -2*n = -p*n + 2. Let r(d) = -8*d. Let w be r(n). What is the greatest common factor of w and 4?
4
Suppose 0*h - 3*h - 33 = 0. Let b = -7 + 2. Let s = b - h. What is the highest common divisor of s and 12?
6
Let n = -27 + 41. Suppose n + 2 = 2*q. What is the highest common divisor of q and 4?
4
Let j be -4 + 4 - -1 - (-20)/2. What is the highest common factor of j and 88?
11
Let t(g) = 2*g**3 + g**2 - g + 1. Let p be t(1). Let u(f) = f**2 - f. Let x be u(-1). Let l be (-18)/(-8)*6*x. Calculate the highest common divisor of p and l.
3
Suppose -76 = -6*l + 212. Calculate the greatest common divisor of l and 72.
24
Let i(l) = 4*l**2 - l. Let k be i(1). Suppose -2*m - k*v + 42 = m, v - 4 = 0. Suppose 0*t - 6 = -3*t. Calculate the greatest common divisor of t and m.
2
Let x be 1 + 1 + (2 - -61). Suppose 0 = -3*j + 49 + 29. Calculate the highest common divisor of j and x.
13
Suppose 2*p - 8 = -2*p. Let o be (p - -9*2) + -1. Calculate the greatest common factor of 38 and o.
19
Suppose 3*l - 214 = 6*s - 5*s, -150 = -2*l - 3*s. Let t be 219/12 + 1/(-4). What is the greatest common factor of t and l?
18
Let b(j) = j**3 + 2*j**2 + 4*j - 3. Let o = -3 + 6. Let c be b(o). What is the highest common divisor of 6 and c?
6
Suppose 3*d = -6 + 15. Suppose 0 = -2*y - 0*j - d*j + 73, 3*j - 169 = -5*y. What is the greatest common divisor of 80 and y?
16
Suppose -6*x + 4*x + 148 = 0. What is the highest common divisor of 37 and x?
37
Let c = -82 + 94. Calculate the greatest common divisor of c and 48.
12
Let y be (-10)/1